ors of 1717505?
5, 19, 101, 179
List the prime factors of 2574475.
5, 29, 53, 67
What are the prime factors of 2066127?
3, 7, 98387
What are the prime factors of 1082713?
17, 63689
What are the prime factors of 147977?
147977
What are the prime factors of 3678635?
5, 67, 79, 139
List the prime factors of 125922.
2, 3, 31, 677
What are the prime factors of 197653?
239, 827
What are the prime factors of 12734555?
5, 2546911
List the prime factors of 291609.
3, 32401
What are the prime factors of 909275?
5, 37, 983
What are the prime factors of 349248?
2, 3, 17, 107
What are the prime factors of 647943?
3, 215981
List the prime factors of 13462936.
2, 1682867
What are the prime factors of 845935?
5, 367, 461
What are the prime factors of 7886210?
2, 5, 788621
List the prime factors of 7013862.
2, 3, 389659
List the prime factors of 1950814.
2, 23, 42409
List the prime factors of 336690.
2, 3, 5, 29, 43
What are the prime factors of 3303413?
89, 37117
What are the prime factors of 3273895?
5, 654779
List the prime factors of 72294.
2, 3, 12049
What are the prime factors of 7904998?
2, 71, 179, 311
List the prime factors of 2113535.
5, 422707
What are the prime factors of 122366?
2, 17, 59, 61
List the prime factors of 493022.
2, 246511
What are the prime factors of 3437453?
197, 17449
What are the prime factors of 145115?
5, 29023
What are the prime factors of 3684801?
3, 17, 72251
What are the prime factors of 166573?
11, 19, 797
What are the prime factors of 1565464?
2, 79, 2477
What are the prime factors of 3954320?
2, 5, 49429
List the prime factors of 206668.
2, 7, 11, 61
What are the prime factors of 12472676?
2, 3118169
List the prime factors of 7742104.
2, 967763
List the prime factors of 228935.
5, 7, 31, 211
What are the prime factors of 782708?
2, 195677
List the prime factors of 2215372.
2, 17, 32579
What are the prime factors of 492954?
2, 3, 7, 11, 97
What are the prime factors of 209714?
2, 23, 47, 97
List the prime factors of 192368.
2, 11, 1093
What are the prime factors of 182150?
2, 5, 3643
What are the prime factors of 5533?
11, 503
What are the prime factors of 2507630?
2, 5, 29, 8647
What are the prime factors of 2552145?
3, 5, 29, 5867
List the prime factors of 510236.
2, 199, 641
What are the prime factors of 250360?
2, 5, 11, 569
List the prime factors of 449219.
211, 2129
List the prime factors of 9485873.
9485873
List the prime factors of 1432192.
2, 67, 167
What are the prime factors of 15434328?
2, 3, 7, 13, 37, 191
What are the prime factors of 477039?
3, 159013
List the prime factors of 2386872.
2, 3, 33151
What are the prime factors of 3371746?
2, 7, 17, 31, 457
What are the prime factors of 875655?
3, 5, 11, 29, 61
What are the prime factors of 2492575?
5, 179, 557
List the prime factors of 31453714.
2, 15726857
List the prime factors of 3385257.
3, 29, 167, 233
What are the prime factors of 6178619?
6178619
What are the prime factors of 8994110?
2, 5, 461, 1951
What are the prime factors of 4831052?
2, 29, 41647
List the prime factors of 312355.
5, 179, 349
List the prime factors of 2363210.
2, 5, 29, 281
List the prime factors of 381127.
127, 3001
What are the prime factors of 33757?
33757
List the prime factors of 4537356.
2, 3, 103, 3671
List the prime factors of 1340671.
17, 4639
List the prime factors of 245918.
2, 41, 2999
What are the prime factors of 203952?
2, 3, 7, 607
What are the prime factors of 7613361?
3, 7, 120847
List the prime factors of 683013.
3, 227671
List the prime factors of 1592586.
2, 3, 103, 859
What are the prime factors of 7065279?
3, 13, 20129
List the prime factors of 5145139.
5145139
List the prime factors of 3513352.
2, 643, 683
What are the prime factors of 142873?
142873
What are the prime factors of 426361?
13, 32797
List the prime factors of 161965.
5, 29, 1117
What are the prime factors of 10612470?
2, 3, 5, 11, 32159
List the prime factors of 11255771.
19, 41, 14449
List the prime factors of 1471135.
5, 294227
List the prime factors of 777194.
2, 11, 35327
What are the prime factors of 688411?
688411
List the prime factors of 18240104.
2, 23, 99131
What are the prime factors of 1611513?
3, 179057
What are the prime factors of 15580442?
2, 1381, 5641
List the prime factors of 26405950.
2, 5, 29, 18211
List the prime factors of 4143086.
2, 2071543
List the prime factors of 5588552.
2, 71, 9839
What are the prime factors of 889550?
2, 5, 17791
What are the prime factors of 2272471?
2272471
List the prime factors of 949287.
3, 316429
List the prime factors of 3467733.
3, 23, 29, 1733
List the prime factors of 347658.
2, 3, 57943
What are the prime factors of 138288?
2, 3, 43, 67
What are the prime factors of 593367?
3, 83, 2383
List the prime factors of 1648875.
3, 5, 4397
List the prime factors of 21138694.
2, 101, 227, 461
What are the prime factors of 534519?
3, 6599
What are the prime factors of 7508933?
19, 227, 1741
What are the prime factors of 8241217?
97, 84961
What are the prime factors of 442318?
2, 221159
What are the prime factors of 1732558?
2, 866279
List the prime factors of 611572.
2, 13, 19, 619
List the prime factors of 311931.
3, 3851
List the prime factors of 1784529.
3, 198281
List the prime factors of 2481513.
3, 53, 15607
List the prime factors of 16790.
2, 5, 23, 73
What are the prime factors of 13324934?
2, 7, 951781
List the prime factors of 7772480.
2, 5, 107, 227
What are the prime factors of 308487?
3, 102829
What are the prime factors of 131366?
2, 19, 3457
What are the prime factors of 60645?
3, 5, 13, 311
List the prime factors of 2660756.
2, 7, 95027
What are the prime factors of 170932?
2, 151, 283
What are the prime factors of 671965?
5, 7, 73, 263
List the prime factors of 1113685.
5, 19, 617
What are the prime factors of 2680513?
11, 22153
List the prime factors of 58942.
2, 13, 2267
What are the prime factors of 9395436?
2, 3, 223, 3511
What are the prime factors of 369568?
2, 11549
List the prime factors of 79038.
2, 3, 4391
What are the prime factors of 10338178?
2, 23, 224743
List the prime factors of 1917059.
1917059
What are the prime factors of 7555044?
2, 3, 7, 53, 1697
List the prime factors of 826864.
2, 51679
What are the prime factors of 299072?
2, 4673
What are the prime factors of 163677?
3, 54559
What are the prime factors of 16407383?
16407383
What are the prime factors of 144536?
2, 7, 29, 89
What are the prime factors of 2289638?
2, 13, 83, 1061
List the prime factors of 307844.
2, 76961
What are the prime factors of 1255974?
2, 3, 353, 593
List the prime factors of 907344.
2, 3, 6301
What are the prime factors of 22195635?
3, 5, 7, 11, 1747
List the prime factors of 24457814.
2, 37, 67, 4933
What are the prime factors of 164507?
7, 71, 331
List the prime factors of 1549667.
7, 53, 4177
What are the prime factors of 317070?
2, 3, 5, 13, 271
What are the prime factors of 5043026?
2, 23, 37, 2963
List the prime factors of 786735.
3, 5, 17483
What are the prime factors of 1399628?
2, 349907
What are the prime factors of 13676627?
61, 139, 1613
List the prime factors of 172671.
3, 57557
What are the prime factors of 16270711?
29, 561059
List the prime factors of 5976396.
2, 3, 55337
What are the prime factors of 2976581?
17, 311, 563
List the prime factors of 251025.
3, 5, 3347
List the prime factors of 873542.
2, 47, 9293
What are the prime factors of 196710?
2, 3, 5, 79, 83
What are the prime factors of 22030704?
2, 3, 89, 191
What are the prime factors of 12995088?
2, 3, 19, 14249
What are the prime factors of 1063688?
2, 132961
What are the prime factors of 17785230?
2, 3, 5, 17, 43, 811
What are the prime factors of 139507?
61, 2287
What are the prime factors of 2892231?
3, 321359
What are the prime factors of 188004?
2, 3, 15667
List the prime factors of 184190.
2, 5, 113, 163
What are the prime factors of 149765?
5, 7, 11, 389
What are the prime factors of 19292?
2, 7, 13, 53
What are the prime factors of 565321?
43, 13147
List the prime factors of 228160.
2, 5, 23, 31
What are the prime factors of 40584?
2, 3, 19, 89
List the prime factors of 155659.
7, 37, 601
List the prime factors of 3956937.
3, 17, 77587
What are the prime factors of 17058013?
7, 2436859
What are the prime factors of 378474?
2, 3, 63079
What are